x.
71
Let r(k) = 151*k**2 - 241*k - 6. Let y be r(-8). What is the greatest common factor of 6 and y?
6
Let l be ((-3 - 2)/1)/((-3)/9). Suppose 1024 = l*n + n. Let x be (-328)/(-20) + (-4)/10. What is the greatest common factor of n and x?
16
Suppose -6*f + 59*f - 806 = 1261. Calculate the highest common divisor of f and 10803.
39
Suppose 0 = -38*j + 27*j - 3025. Let b = -195 - j. Calculate the greatest common divisor of 5 and b.
5
Let x(a) = a + 11. Let z be x(-11). Suppose z*w - 510 = -3*p + 2*w, -5*w = p - 170. Calculate the greatest common factor of p and 10.
10
Suppose 103*m - 60*m = 76*m - 1617. Let u = -30 - -93. What is the greatest common factor of u and m?
7
Let r = -9111 + 9474. What is the highest common divisor of r and 1782?
33
Suppose -l + 52 = 2*y, 3*y + 51 = 4*l - 157. What is the greatest common factor of 148 and l?
4
Let z be 33502/7 - (-39)/(-3). Calculate the greatest common factor of z and 129.
129
Let d be 2/(-4) + 33005/230. Let t be (0 + -4)*(-2)/4. Let r be (t/3)/((-2)/(-39)). Calculate the greatest common divisor of d and r.
13
Let o(s) = 67*s - 8 + 1 + 156*s**2 - 172*s**2 + s**3. Let c be o(8). What is the highest common divisor of c and 17?
17
Let d be 1 - 1 - (38 - -11). Suppose -2*v - v = 9, -4*v = 4*u - 248. Let c = u + d. What is the greatest common factor of 24 and c?
8
Let t(g) = -1230*g - 604. Let y be t(-4). Calculate the greatest common divisor of 52 and y.
52
Let w be 22 - 45*6/27. Calculate the greatest common divisor of w and 148.
4
Let x = -200 - -207. Suppose 12*y = -x*y + 722. What is the greatest common factor of y and 266?
38
Let s(l) = 205*l**2 - 180*l + 531. Let o be s(3). Calculate the highest common divisor of o and 153.
153
Let m be 2/(1/(-177)*-2). Let i = 45893 - 45421. What is the greatest common divisor of i and m?
59
Let c = 4252 + -1004. What is the greatest common factor of 87 and c?
29
Suppose 4 = 3*s - 44. Let a be 4/((2/(-60))/((-4)/30)). Calculate the greatest common divisor of s and a.
16
Suppose 13*z - 4200 = -43*z. Calculate the greatest common factor of z and 85.
5
Let w be (-84)/9 - (-24)/18 - -158. Calculate the greatest common factor of w and 2775.
75
Suppose -3*y - 2*i = y - 16, 12 = 3*y + 3*i. Let f(z) = z**2 - 5*z + 9. Let m be f(y). Suppose -m*t + 108 = -t. What is the greatest common factor of 9 and t?
9
Suppose 4*c + 400*r - 335 = 405*r, -4*c - 6*r + 302 = 0. What is the greatest common divisor of 1280 and c?
80
Let g(d) = 2*d**3 - 145*d**2 - 16*d - 262. Let r be g(73). Calculate the greatest common factor of r and 7.
7
Let f(a) = -139*a - 409. Let y be f(-3). Calculate the highest common factor of y and 808.
8
Let f(c) = -c**2 + 3. Let w be f(0). Suppose 2*j - 4*d = 18, -3*j + d + 23 = -d. Calculate the greatest common factor of w and j.
1
Suppose -2040 = -16*p - p. Suppose 911*z - 916*z + p = 0. What is the highest common factor of z and 84?
12
Suppose 0 = 3*j - 5*z - 197, 0 = -3*j + 244*z - 249*z + 127. What is the greatest common factor of 32 and j?
2
Suppose 3*j + 27 = 2118. Suppose -j = -4*o - o - r, -2*o = 2*r - 274. Let i be 2*(3/3 - -13). What is the highest common divisor of o and i?
28
Let h(k) = -k**3 + 13*k**2 - 9*k + 336. Let y be h(14). What is the greatest common divisor of 189 and y?
7
Let g be (2/(-21))/(8/(-56))*6. Suppose 3*u - a - 35 = 0, 5*a - g*a = u - 13. Suppose -5*n + 899 + 146 = 0. What is the highest common factor of u and n?
11
Let s = 73 + -55. Let b = 444 + -399. Calculate the greatest common factor of s and b.
9
Let y be (-10)/3*(-12)/10. Suppose 5*t + 5 = 0, 4*t + 2 = -d + y. Let l be 6/(-4 - (-27)/d). Calculate the greatest common factor of l and 132.
12
Let y(g) = -21 - 3 + g + 2*g + 3. Let d be y(7). Suppose 0 = -5*f, d*k - f = 5*k - 775. What is the greatest common divisor of 31 and k?
31
Let a be (564/9 + -7 - 7)/(1/30). What is the greatest common factor of 10 and a?
10
Suppose 17109*h + 131164 = 17120*h. What is the greatest common divisor of h and 88?
44
Let c be 64/2752 - 19341/(-387). What is the highest common divisor of 24175 and c?
25
Let o(n) = n**3 - 22*n**2 + 93*n - 106. Let j be o(17). What is the highest common divisor of j and 2445?
15
Suppose 0 = 6*q + 339 - 315. Let x be 360/(-70)*(56/3)/q. What is the highest common divisor of x and 64?
8
Let o(y) be the second derivative of -y**5/4 - 2*y**4/3 - 2*y**3/3 + 3*y**2/2 - 3*y - 3. Let k be o(-5). What is the highest common factor of 14 and k?
14
Let j(u) = -u**3 - 5*u**2 + 38*u + 47. Let w be j(0). Let d be ((-82)/3)/2*-3. Let l = w + d. Calculate the greatest common factor of 22 and l.
22
Let w be (-4)/6 - 50/(-3). Let g = 86 - 82. Suppose 212 + 236 = g*q. Calculate the highest common divisor of q and w.
16
Let b(p) = 3*p - 13. Let y be b(6). Let r be 0/(y/(-8 + 3)). Suppose r = -54*t + 50*t + 28. Calculate the highest common factor of t and 35.
7
Let u be 68/(-17) - ((-3109)/7 - 27/(-189)). Let z = 58 + -18. What is the greatest common divisor of u and z?
40
Suppose 2*h = -5*n + 11619, 2*n - 7499 = 4*h - 2837. What is the highest common factor of 279 and n?
93
Suppose 0 = 17*f - 22*f - 20. Let q be (-34 - f)/(1 - 2). What is the greatest common factor of 75 and q?
15
Suppose 5*f = -k + 10, 4*k + 15 - 7 = 4*f. Suppose 104 = f*a + 5*v - 339, -2*a + 3*v = -451. What is the highest common divisor of 14 and a?
14
Let b(v) = v**3 - 24*v**2 - 25*v + 18. Let u be b(25). Let x be 12/42 - (3 + 1380/(-21)). Calculate the highest common factor of u and x.
9
Suppose j = -2*l - 665 + 3019, 2*l - 5*j = 2378. Calculate the highest common divisor of l and 9.
9
Suppose -w + 6 = -69*n + 72*n, -5*w + 3*n = -102. Calculate the highest common factor of 2658 and w.
6
Let m be (-11155)/46*((-2)/10 - -1). Let g = m - -90. Let f be (g/(-3))/((-2)/(-6)). Calculate the greatest common divisor of f and 26.
26
Let b(w) = w**2 - 2*w + 3. Let p be b(-6). Suppose -40*s + 2860 + 1499 = -1081. Calculate the highest common factor of s and p.
17
Suppose -27 = -4*g + 5*y, -3*g - y - 2*y = -54. Let x(p) = -2*p + 90. Let o be x(g). What is the highest common factor of 224 and o?
32
Let x be (-6)/(-36)*3*10. Let s(b) = -4*b + 39. Let u be s(x). What is the greatest common factor of 171 and u?
19
Let o be (3/(-2))/(15 + 176407/(-11760)). Suppose 0 = 5*p + k - 50, 6*p - 30 = p - 5*k. Suppose -p*t = 4*t - o. What is the greatest common factor of 21 and t?
21
Let z(q) = q**3 - 25*q**2 - 19*q - 71. Let t be z(26). What is the greatest common divisor of 37 and t?
37
Let r(s) = s + 285 - 92 + 71*s**2 - 97 - 94. Let w be r(-1). What is the highest common factor of 252 and w?
36
Let a = -3378 - -3454. What is the highest common factor of 95 and a?
19
Let d(z) be the second derivative of -z**5/4 + z**4/12 + 5*z**3/6 + 5*z**2/2 + 9*z. Let j be d(-1). What is the highest common factor of 150 and j?
6
Let j(m) = -m**3 - 12*m**2 - 73*m - 12. Let d be j(-8). Let t be d/16 + 6/24. What is the highest common divisor of 820 and t?
20
Let z = 551 + -1052. Let k = -327 - z. Calculate the highest common factor of 232 and k.
58
Suppose 3*z = -5*q + 42485, -103*z = -104*z - 2*q + 14159. What is the greatest common factor of z and 450?
225
Let p be (456/(-38))/((-6)/4). Let o be 350/p + (-55)/(-44). What is the greatest common factor of o and 45?
45
Suppose -147659 = 282*g - 295961 - 152874. What is the greatest common factor of g and 1140?
12
Let v(p) = 20*p**2 + 62*p + 229. Let f be v(-4). Calculate the greatest common factor of 21 and f.
7
Suppose -20*d + 24*d - 1092 = -4*f, 0 = 2*d - 4. Suppose f*b - 269*b = 90. What is the highest common factor of b and 1035?
45
Suppose 3*w + 10*l - 137 = 9*l, 3*l = -w + 51. Let v = 252 + -147. Calculate the highest common factor of v and w.
15
Suppose 1254 = 5*h + 33*h. What is the highest common factor of 1353 and h?
33
Let x be (-2 - -287)/(15/18). Calculate the highest common factor of 988 and x.
38
Let h = -31 - -67. Let n(i) = -i**2 - 15*i - 50. Let y be n(-9). What is the greatest common divisor of y and h?
4
Let j(m) = -6*m**2 + 2. Let d be j(0). Let r be -188*(-9)/36 - 2*d. What is the greatest common divisor of r and 172?
43
Suppose -41*k - 1184 = -49*k. Suppose 2*p - 92 - k = 0. What is the greatest common factor of p and 90?
30
Let l be (-4 - -1)/((-300)/500). Suppose -6*c + 11